e d(19).
-80
Let q(m) = -23*m + 87. Calculate q(4).
-5
Let s(b) = -b**2 - 4*b - 3. Calculate s(-4).
-3
Let w(z) = 21*z**3 - z**2 - z. Determine w(-1).
-21
Let y(x) = -x**3 + 7*x**2 - 6*x - 10. Give y(4).
14
Let b(u) = 4*u - 14. What is b(5)?
6
Let j(c) = 7*c - 113. Give j(18).
13
Let j(r) = r**2 + 29*r + 43. Give j(-28).
15
Let w(s) = -s**3 - s**2 + 5*s - 3. Give w(-5).
72
Let l(d) = 3*d**2 + 42*d + 6. Determine l(-14).
6
Let v(s) = -3*s - 35. Calculate v(-13).
4
Let c(x) = -10*x + 48. Determine c(6).
-12
Let y(a) = a**2 - 9*a + 16. Determine y(11).
38
Let h(n) = 7*n**2 + 2*n + 1. Calculate h(-1).
6
Let i(p) = -p**2 - 4*p + 2. Determine i(4).
-30
Let f(s) = -s**2 - 17*s + 13. Determine f(-18).
-5
Let c(i) = 2*i - 51. Calculate c(25).
-1
Let h(i) = 14*i + 75. Determine h(-7).
-23
Let t(x) = 113*x + 689. Calculate t(-6).
11
Let f(d) = d - 18. Give f(11).
-7
Let s(z) = z**3 - 4*z**2 + 4*z - 2. Calculate s(2).
-2
Let z(k) = -6*k + 14. Determine z(4).
-10
Let n(m) = 12*m + 81. Calculate n(-8).
-15
Let k(p) = -p**2 - 24*p + 177. Give k(-30).
-3
Let u(w) = -10*w + 206. Determine u(18).
26
Let r(d) = d**2 - 2*d - 6. What is r(-3)?
9
Let s(l) = 13*l - 517. Give s(40).
3
Let r(d) = -d**2 + 3*d - 2. Give r(2).
0
Let r(m) = -m**2 + 16*m + 65. Determine r(19).
8
Let h(l) = -l**2 - 6*l + 4. Calculate h(-8).
-12
Let n(t) = t**3 - t**2 - t + 11. Determine n(0).
11
Let q(p) = 5*p**2 + 23*p - 2. Determine q(-5).
8
Let m(q) = 16*q**3 - q**2 - 2*q - 2. Give m(-1).
-17
Let w(q) = q**2 - q + 4. What is w(2)?
6
Let c(a) = 3*a**2 + 11*a - 12. What is c(-5)?
8
Let u(n) = -n**3 + 3*n - 33. Calculate u(-5).
77
Let b(a) = a**3 - a**2 + 2*a - 3. Determine b(3).
21
Let l(p) = -p**2 + 3*p + 14. What is l(5)?
4
Let j(a) = a**3 - 7*a**2 + 14*a - 18. Calculate j(4).
-10
Let z(h) = -23*h + 4. What is z(-1)?
27
Let s(u) = 10*u**3 - u**2 - 3*u - 2. Calculate s(-1).
-10
Let t(b) = -b**2 + 7*b - 4. Calculate t(5).
6
Let g(m) = 22*m + 136. Determine g(-6).
4
Let s(p) = -p**3 + 4*p - 1. Calculate s(2).
-1
Let z(r) = -8*r - 4. Give z(-3).
20
Let w(a) = a**2 + a + 1. Determine w(-3).
7
Let r(o) = -o**2 - 10*o + 18. What is r(-12)?
-6
Let s(u) = 27*u + 3. What is s(-3)?
-78
Let a(s) = -s**3 + 10*s**2 - 10*s + 8. Calculate a(8).
56
Let x(n) = -n**3 - n**2 + n - 14. What is x(0)?
-14
Let u(n) = -n**3 - 5*n**2 + 2. Calculate u(-3).
-16
Let p(h) = -h - 14. Calculate p(-6).
-8
Let d(b) = -b**3 + 3*b**2 - 26*b + 63. Calculate d(3).
-15
Let z(x) = 4*x**2 - 7*x. What is z(2)?
2
Let f(n) = 2*n**2 + 15*n + 8. What is f(-10)?
58
Let s(i) = i**2 + 20*i + 49. Give s(-19).
30
Let b(o) = 2*o**2 + 29*o + 19. Determine b(-14).
5
Let l(p) = -p**2 - 14*p + 14. Give l(-15).
-1
Let j(n) = n**3 - 13*n**2 + 12*n - 18. What is j(12)?
-18
Let j(v) = v**2 - 22*v - 208. Calculate j(-7).
-5
Let c(x) = -4*x**3 + 14*x**2 - 12*x + 3. What is c(2)?
3
Let k(u) = u**2 + 10*u + 4. Determine k(-5).
-21
Let y(i) = 43*i - 87. Calculate y(2).
-1
Let i(d) = -14*d + 452. Calculate i(31).
18
Let l(k) = 7*k. What is l(5)?
35
Let u(q) = 3*q + 35. Determine u(-14).
-7
Let z(g) = 63*g**3 + g**2 + g. What is z(-1)?
-63
Let l(p) = 4*p**3 - p**2 + 2*p - 7. What is l(2)?
25
Let j(l) = -l**2 - 8*l + 36. What is j(-11)?
3
Let r(l) = -2*l**2 + 12*l - 4. Determine r(7).
-18
Let c(z) = 2*z - 1. Calculate c(2).
3
Let x(w) = -w**3 + 8*w**2 - 5*w + 36. What is x(8)?
-4
Let j(n) = 3*n**3 - 3*n**2 + n - 2. Determine j(-2).
-40
Let h(l) = 3*l**3 + l**2. Give h(1).
4
Let s(p) = -p + 1. What is s(0)?
1
Let m(a) = 14*a + 140. Give m(-11).
-14
Let s(t) = -13*t - 99. Determine s(-8).
5
Let g(l) = -l**3 + 8*l**2 - 4*l + 4. Give g(8).
-28
Let w(y) = 143*y + 999. Give w(-7).
-2
Let u(v) = v - 21. Give u(14).
-7
Let d(b) = 2*b**2 + 7*b - 1. What is d(-6)?
29
Let j(z) = z**3 + 5*z**2 - z - 12. Determine j(-5).
-7
Let x(v) = -4*v + 60. Calculate x(19).
-16
Let l(b) = -2*b - 2. What is l(-3)?
4
Let q(n) = n**3 + 26*n**2 + 47*n - 15. What is q(-24)?
9
Let y(o) = -2*o**2 + 3*o - 4. Give y(2).
-6
Let a(o) = 19*o**2 - 5. Determine a(-3).
166
Let w(o) = -7*o - 3. Determine w(-2).
11
Let u(x) = -3*x**2 + 4*x + 3. Calculate u(-2).
-17
Let o(h) = 16*h - 1. Calculate o(2).
31
Let j(y) = -13*y - 14. Calculate j(-6).
64
Let v(p) = -p**2 - 3*p - 1. What is v(-1)?
1
Let a(d) = -d**3 - 10*d**2 - 20*d - 31. What is a(-8)?
1
Let y(j) = 22*j - 13. Calculate y(1).
9
Let x(p) = -2*p**3 + 7*p**2 - p - 8. What is x(4)?
-28
Let y(d) = -d**2 - 2*d + 90. What is y(9)?
-9
Let o(s) = -s**3 - 2*s**2 + 47. Calculate o(0).
47
Let w(z) = -z**3 - 8*z**2 + 7*z - 8. Determine w(-9).
10
Let w(t) = -t**3 - 16*t**2 - 24*t - 30. What is w(-14)?
-86
Let j(a) = -4*a**3 - 4*a**2 + 5*a - 8. Calculate j(-4).
164
Let y(k) = k - 12. What is y(10)?
-2
Let i(d) = 2*d**2 + d - 112. Calculate i(7).
-7
Let c(r) = -5*r**2 + 12*r + 11. Give c(-1).
-6
Let s(q) = q**3 - 24*q**2 - 52*q + 3. Give s(26).
3
Let j(f) = -f**2 + f - 30. Give j(0).
-30
Let t(n) = -2*n**2 - 14*n + 8. What is t(-7)?
8
Let g(h) = -h**3 + h**2 - 3*h. Give g(2).
-10
Let k(a) = -a**3 + 6*a**2 - a + 6. Give k(6).
0
Let j(k) = 2*k - 15. Determine j(10).
5
Let m(n) = -n**3 - 2*n - 6. What is m(-4)?
66
Let b(y) = -12*y + 3. Give b(-6).
75
Let t(v) = v**2 - 14. Give t(6).
22
Let q(m) = 4*m - 10. What is q(3)?
2
Let q(b) = -2*b**2 + 16*b + 3. Give q(8).
3
Let v(w) = 101*w - 2. Calculate v(-1).
-103
Let o(n) = -3*n - 28. Determine o(-10).
2
Let n(g) = g - 16. Calculate n(15).
-1
Let z(p) = -p**3 - 5*p**2 + 16*p + 7. What is z(-7)?
-7
Let m(f) = -3*f**2 + 12*f - 6. Determine m(5).
-21
Let c(q) = q**2 - 26*q - 46. Determine c(22).
-134
Let z(k) = k**2 - 2*k + 3. Determine z(2).
3
Let i(n) = 4*n - 146. Calculate i(32).
-18
Let v(k) = -k**3 - 9*k**2 - 7*k + 11. What is v(-8)?
3
Let u(y) = -y - 5. Calculate u(3).
-8
Let l(n) = -n**3 + 7*n**2 + 5*n + 13. Give l(6).
79
Let j(s) = -s**2 + 9*s + 9. What is j(5)?
29
Let c(y) = -y**2 + 19*y - 40. Determine c(18).
-22
Let i(d) = -d**3 - 15*d**2 - 14*d + 18. Determine i(-14).
18
Let i(q) = 16*q**2 + 2*q - 2. Determine i(-2).
58
Let c(o) = -o + 11. Determine c(24).
-13
Let d(s) = s**3 + 2*s**2 - 33*s - 3. What is d(-7)?
-17
Let w(k) = 5*k - 87. Determine w(17).
-2
Let j(v) = -2*v**2 + 7*v - 1. Determine j(4).
-5
Let t(o) = -o**2 + 3*o + 15. Determine t(7).
-13
Let w(a) = -a**2 + a + 13. Determine w(-12).
-143
Let n(m) = 22*m**3 + 3*m**2 - 3*m + 1. Give n(1).
23
Let y(d) = d**3 + 12*d**2 + d + 6. What is y(-12)?
-6
Let i(n) = 6*n**2 - 4*n + 3. What is i(1)?
5
Let f(w) = -w**3 + 6*w**2 + 4*w - 31. Give f(4).
17
Let l(i) = i + 6. Calculate l(8).
14
Let o(k) = k**3 - 6*k**2 + 4*k + 6. Determine o(6).
30
Let v(r) = 3*r + 3. Calculate v(-5).
-12
Let h(f) = -3*f**2 - 48*f - 9. Give h(-16).
-9
Let t(r) = -6*r + 5. What is t(11)?
-61
Let n(m) = -3*m**2 - 4*m - 4. What is n(-3)?
-19
Let f(d) = -2*d**2 + 18. Give f(0).
18
Let w(s) = 2*s**2 - 7*s + 7. What is w(6)?
37
Let q(l) = -l**3 + 10*l**2 - 9*l - 3. Determine q(9).
-3
Let t(z) = z**3 + 5*z**2 + 11. Give t(-6).
-25
Let m(s) = -3*s**2 - 10*s + 4. Give m(-5).
-21
Let a(q) = -5*q + 4. Calculate a(-6).
34
Let i(m) = -3*m + 7. What is i(2)?
1
Let t(j) = -5*j + 14. Calculate t(7).
-21
Let b(x) = x**3 + 10*x**2 + 26*x + 2. Calculate b(-6).
-10
Let b(j) = -8*j**2 - 45*j + 19. Calculate b(-6).
1
Let f(m) = m + 4. Give f(17).
21
Let t(r) = 7*r**3 - 2*r**2 + r + 1. Determine t(1).
7
Let g(f) = 2*f**2 + 16*f - 4. Calculate g(-8).
-4
Let k(m) = -77*m + 3. Calculate k(1).
-74
Let i(t) = -t - 2. Determine i(-7).
5
Let i(q) = -9*q - 152. What is i(-17)?
1
Let x(v) = 5*v - 5. Give x(8).
35
Let o(r) = -r**3 - 15*r**2 - 10*r + 36. Calculate o(-14).
-20
Let i(p) = 2*p**2 - 8*p + 1. What is i(6)?
25
Let z(d) = d**3 + 6*d**2 + 8*d + 6. Determine z(-5).
-9
Let d(u) = u**3 + 9*u**2 + 18*u - 5. Calculate d(-5).
5
Let h(b) = -7*b - 42. Calculate h(-5).
-7
Let n(y) = y - 1. Calculate n(2).
1
Let p(j) = -6*j - 98. Calculate p(-16).
-2
Let x(v) = v**2 - 8*v + 3. Give x(9).
12
Let o(s) = 17*s - 33. Give o(1).
-16
Let l(f) = -5*f + 76. Determine l(16).
-4
Let o(q) = -q**2 - 6*q + 1. What is o(-10)?
-39
Let t(y) = -9*y + 163. What is t(18)?
1
Let r(f) = f**2 - 3*f - 22. What is r(8)?
18
Let i(g) = g**3 + 4*g**2 + 4*g + 3. Give i(-3).
0
Let v(x) = x**3 + 9*x**2 - 13*x - 6. Calculate v(-10).
24
L